{"id":3464,"date":"2025-05-09T06:29:56","date_gmt":"2025-05-09T06:29:56","guid":{"rendered":"https:\/\/dankaz.co.rs\/?post_type=product&#038;p=3464"},"modified":"2025-05-09T18:05:50","modified_gmt":"2025-05-09T18:05:50","slug":"bebi-cebe-sa-zveckom","status":"publish","type":"product","link":"https:\/\/dankaz.co.rs\/sr\/\u043f\u0440\u043e\u0438\u0437\u0432\u043e\u0434\/bebi-cebe-sa-zveckom\/","title":{"rendered":"Bebi \u0107ebe sa zve\u010dkom &#8211; Ipekce"},"content":{"rendered":"<p class=\"\" data-start=\"233\" data-end=\"492\">Udobno, mekano i neodoljivo prakti\u010dno \u2013 bebi \u0107ebe sa zve\u010dkom brenda Ipekce osmi\u0161ljeno je tako da pru\u017ea toplinu i sigurnost va\u0161em detetu od prvog dana. Dimenzije 90 \u00d7 110 cm savr\u0161eno odgovaraju za kori\u0161\u0107enje u kreveti\u0107u, kolicima ili tokom popodnevnog odmora.<\/p>\n<p class=\"\" data-start=\"494\" data-end=\"727\">Izra\u0111eno od visokokvalitetnog 100% poliestera, ovo \u0107ebe je ne\u017eno prema bebinoj ko\u017ei, lagano za odr\u017eavanje i dugotrajno u svakodnevnoj upotrebi. Poseban dodatak je integrisana zve\u010dka koja pru\u017ea dodatnu stimulaciju i radost mali\u0161anima.<\/p>\n<p class=\"\" data-start=\"729\" data-end=\"787\">Dostupno u pet ne\u017enih boja: plava, bela, be\u017e, roze i siva.<\/p>","protected":false},"excerpt":{"rendered":"<p>Udobno, mekano i neodoljivo prakti\u010dno \u2013 bebi \u0107ebe sa zve\u010dkom brenda Ipekce osmi\u0161ljeno je tako da pru\u017ea toplinu i sigurnost va\u0161em detetu od prvog dana. Dimenzije 90 \u00d7 110 cm savr\u0161eno odgovaraju za kori\u0161\u0107enje u kreveti\u0107u, kolicima ili tokom popodnevnog odmora. Izra\u0111eno od visokokvalitetnog 100% poliestera, ovo \u0107ebe je ne\u017eno prema bebinoj ko\u017ei, lagano za [&hellip;]<\/p>\n","protected":false},"featured_media":3659,"template":"","meta":{"_monsterinsights_skip_tracking":false,"_monsterinsights_sitenote_active":false,"_monsterinsights_sitenote_note":"","_monsterinsights_sitenote_category":0},"product_brand":[53],"product_cat":[30,25],"product_tag":[114,115],"class_list":{"0":"post-3464","1":"product","2":"type-product","3":"status-publish","4":"has-post-thumbnail","6":"product_brand-ipekce","7":"product_cat-bebi-cebad","8":"product_cat-bebi-program","9":"product_tag-bebe","10":"product_tag-cebe","12":"first","13":"instock","14":"shipping-taxable","15":"purchasable","16":"product-type-variable"},"aioseo_notices":[],"_links":{"self":[{"href":"https:\/\/dankaz.co.rs\/sr\/wp-json\/wp\/v2\/product\/3464","targetHints":{"allow":["GET"]}}],"collection":[{"href":"https:\/\/dankaz.co.rs\/sr\/wp-json\/wp\/v2\/product"}],"about":[{"href":"https:\/\/dankaz.co.rs\/sr\/wp-json\/wp\/v2\/types\/product"}],"version-history":[{"count":4,"href":"https:\/\/dankaz.co.rs\/sr\/wp-json\/wp\/v2\/product\/3464\/revisions"}],"predecessor-version":[{"id":3689,"href":"https:\/\/dankaz.co.rs\/sr\/wp-json\/wp\/v2\/product\/3464\/revisions\/3689"}],"wp:featuredmedia":[{"embeddable":true,"href":"https:\/\/dankaz.co.rs\/sr\/wp-json\/wp\/v2\/media\/3659"}],"wp:attachment":[{"href":"https:\/\/dankaz.co.rs\/sr\/wp-json\/wp\/v2\/media?parent=3464"}],"wp:term":[{"taxonomy":"product_brand","embeddable":true,"href":"https:\/\/dankaz.co.rs\/sr\/wp-json\/wp\/v2\/product_brand?post=3464"},{"taxonomy":"product_cat","embeddable":true,"href":"https:\/\/dankaz.co.rs\/sr\/wp-json\/wp\/v2\/product_cat?post=3464"},{"taxonomy":"product_tag","embeddable":true,"href":"https:\/\/dankaz.co.rs\/sr\/wp-json\/wp\/v2\/product_tag?post=3464"}],"curies":[{"name":"wp","href":"https:\/\/api.w.org\/{rel}","templated":true}]}}

https://dankaz.co.rs/sr/производ/bebi-cebe-sa-zveckom/

Bebi ćebe sa zvečkom &#8211; Ipekce

<p class="" data-start="233" data-end="492">Udobno, mekano i neodoljivo praktično – bebi ćebe sa zvečkom brenda Ipekce osmišljeno je tako da pruža toplinu i sigurnost vašem detetu od prvog dana. Dimenzije 90 × 110 cm savršeno odgovaraju za korišćenje u krevetiću, kolicima ili tokom popodnevnog odmora.</p>
<p class="" data-start="494" data-end="727">Izrađeno od visokokvalitetnog 100% poliestera, ovo ćebe je nežno prema bebinoj koži, lagano za održavanje i dugotrajno u svakodnevnoj upotrebi. Poseban dodatak je integrisana zvečka koja pruža dodatnu stimulaciju i radost mališanima.</p>
<p class="" data-start="729" data-end="787">Dostupno u pet nežnih boja: plava, bela, bež, roze i siva.</p>

<p>Udobno, mekano i neodoljivo praktično – bebi ćebe sa zvečkom brenda Ipekce osmišljeno je tako da pruža toplinu i sigurnost vašem detetu od prvog dana. Dimenzije 90 × 110 cm savršeno odgovaraju za korišćenje u krevetiću, kolicima ili tokom popodnevnog odmora. Izrađeno od visokokvalitetnog 100% poliestera, ovo ćebe je nežno prema bebinoj koži, lagano za [&hellip;]</p>
